{"id":3795,"date":"2024-11-22T13:53:14","date_gmt":"2024-11-22T12:53:14","guid":{"rendered":"https:\/\/engelaere-editions.com\/blog\/?post_type=product&#038;p=3795"},"modified":"2025-10-03T10:22:37","modified_gmt":"2025-10-03T08:22:37","slug":"tenir-les-caps-de-dominique-dupilet","status":"publish","type":"product","link":"https:\/\/engelaere-editions.com\/blog\/produit\/tenir-les-caps-de-dominique-dupilet\/","title":{"rendered":"TENIR LES CAPS ! de Dominique DUPILET"},"content":{"rendered":"<p>Il avait la r\u00e9putation d\u2019\u00eatre \u00ab cash \u00bb dans les assembl\u00e9es o\u00f9 il si\u00e9geait, ou aupr\u00e8s des journalistes qui adoraient l\u2019interviewer. Au fil du temps, le propos de Dominique Dupilet s\u2019est adouci, mais la langue n\u2019est jamais de bois !<br \/>\nAvec toujours autant de conviction, de sinc\u00e9rit\u00e9 et d\u2019humour, l\u2019ancien pr\u00e9sident du D\u00e9partement du Pas-de-Calais, le visionnaire \u00ab\u00a0d\u00e9put\u00e9 du tunnel et du Grand Site des Deux-Caps\u00a0\u00bb, nous raconte son fascinant et tumultueux parcours d\u2019\u00e9lu de la R\u00e9publique. Il nous d\u00e9crit les mille et un projets qui l\u2019ont enthousiasm\u00e9 et nous emm\u00e8ne dans les coulisses de batailles politiques, parfois f\u00e9roces et douloureuses. Au fil des entretiens, on d\u00e9couvre un militant \u00e0 la fois libre et disciplin\u00e9, un homme profond\u00e9ment sensible et toujours anim\u00e9 par le m\u00eame id\u00e9al humaniste.<br \/>\nSocial-d\u00e9mocrate peut-\u00eatre\u00a0! Mais socialiste toujours\u2026<\/p>\n<p><strong>Pr\u00e9face de Laurent FABIUS<\/strong><\/p>\n","protected":false},"excerpt":{"rendered":"<p>344 pages \u00b7 130 x 205 mm \u00b7 couverture avec bandeau \u00b7 Livret 32 photos-souvenirs inclus \u00b7 18,50 \u20ac \u00b7 ISBN 978-2-917621-56-1<\/p>\n","protected":false},"featured_media":3822,"template":"","meta":[],"product_brand":[],"product_cat":[104,102],"product_tag":[],"class_list":{"0":"post-3795","1":"product","2":"type-product","3":"status-publish","4":"has-post-thumbnail","6":"product_cat-biographies","7":"product_cat-nouveautes","8":"product_shipping_class-petit","10":"first","11":"instock","12":"shipping-taxable","13":"purchasable","14":"product-type-simple"},"aioseo_notices":[],"_links":{"self":[{"href":"https:\/\/engelaere-editions.com\/blog\/wp-json\/wp\/v2\/product\/3795","targetHints":{"allow":["GET"]}}],"collection":[{"href":"https:\/\/engelaere-editions.com\/blog\/wp-json\/wp\/v2\/product"}],"about":[{"href":"https:\/\/engelaere-editions.com\/blog\/wp-json\/wp\/v2\/types\/product"}],"wp:featuredmedia":[{"embeddable":true,"href":"https:\/\/engelaere-editions.com\/blog\/wp-json\/wp\/v2\/media\/3822"}],"wp:attachment":[{"href":"https:\/\/engelaere-editions.com\/blog\/wp-json\/wp\/v2\/media?parent=3795"}],"wp:term":[{"taxonomy":"product_brand","embeddable":true,"href":"https:\/\/engelaere-editions.com\/blog\/wp-json\/wp\/v2\/product_brand?post=3795"},{"taxonomy":"product_cat","embeddable":true,"href":"https:\/\/engelaere-editions.com\/blog\/wp-json\/wp\/v2\/product_cat?post=3795"},{"taxonomy":"product_tag","embeddable":true,"href":"https:\/\/engelaere-editions.com\/blog\/wp-json\/wp\/v2\/product_tag?post=3795"}],"curies":[{"name":"wp","href":"https:\/\/api.w.org\/{rel}","templated":true}]}}