{"id":3675,"date":"2023-09-07T15:37:57","date_gmt":"2023-09-07T13:37:57","guid":{"rendered":"https:\/\/engelaere-editions.com\/blog\/?post_type=product&#038;p=3675"},"modified":"2026-02-18T11:47:45","modified_gmt":"2026-02-18T10:47:45","slug":"les-dits-qui-dit-guy-guy-dubois","status":"publish","type":"product","link":"https:\/\/engelaere-editions.com\/blog\/produit\/les-dits-qui-dit-guy-guy-dubois\/","title":{"rendered":"Les Dits qu&rsquo;i dit Guy : Guy DUBOIS"},"content":{"rendered":"<blockquote><p>Auteur depuis 1980 d&rsquo;une vingtaine de livres dont la plupart sont consacr\u00e9s \u00e0 la m\u00e9moire de la mine et \u00e0 la d\u00e9fense de notre parlache traditionnel, le picard, Guy Dubois propose aux lecteurs son ultime ouvrage.<br \/>\nIl a rassembl\u00e9 dans ce recueil ses \u00ab\u00a0dits\u00a0\u00bb, \u00e9crits divers et po\u00e8mes.<br \/>\nAmi de plusieurs chanteurs, il leur a \u00e9crit de nombreux textes en \u00ab\u00a0patois\u00a0\u00bb\u00a0: Renaud en a interpr\u00e9t\u00e9 deux dans son disque \u00ab\u00a0Renaud cante el Nord\u00a0\u00bb.<br \/>\nFils, petit-fils et arri\u00e8re-petit-fils de mineurs, il est un ardent d\u00e9fenseur du souvenir de la mine, ses chansons t\u00e9moignent du dur labeur et des souffrances des \u00ab\u00a0gueules noires\u00a0\u00bb. Mais des textes humoristiques sur la vie quotidienne, des jeux de mots, attestent la bonne humeur et le bon sens des Gens du Nord.<\/p><\/blockquote>\n<p>&nbsp;<\/p>\n","protected":false},"excerpt":{"rendered":"<p>116 pages\u00b7 format 17 x 23 cm \u00b7 15 \u20ac<br \/>\nISBN 978-2-917621-53-0<\/p>\n<p><strong>Si vous pr\u00e9f\u00e9rez commander par courrier postal, voici un bon de commande au format pdf \u00e0 imprimer et envoyer \u00e0 Engelaere Editions :<\/strong><\/p>\n<p><strong><a href=\"https:\/\/engelaere-editions.com\/blog\/wp-content\/uploads\/2023\/09\/Bon-de-commande-LDDG.pdf\">Bon de commande Les Dits qu&rsquo;i dit Guy<\/a><\/strong><\/p>\n","protected":false},"featured_media":3676,"template":"","meta":[],"product_brand":[],"product_cat":[105,102],"product_tag":[],"class_list":{"0":"post-3675","1":"product","2":"type-product","3":"status-publish","4":"has-post-thumbnail","6":"product_cat-langues-regionales","7":"product_cat-nouveautes","8":"product_shipping_class-petit","10":"first","11":"outofstock","12":"featured","13":"sold-individually","14":"shipping-taxable","15":"purchasable","16":"product-type-simple"},"aioseo_notices":[],"_links":{"self":[{"href":"https:\/\/engelaere-editions.com\/blog\/wp-json\/wp\/v2\/product\/3675","targetHints":{"allow":["GET"]}}],"collection":[{"href":"https:\/\/engelaere-editions.com\/blog\/wp-json\/wp\/v2\/product"}],"about":[{"href":"https:\/\/engelaere-editions.com\/blog\/wp-json\/wp\/v2\/types\/product"}],"wp:featuredmedia":[{"embeddable":true,"href":"https:\/\/engelaere-editions.com\/blog\/wp-json\/wp\/v2\/media\/3676"}],"wp:attachment":[{"href":"https:\/\/engelaere-editions.com\/blog\/wp-json\/wp\/v2\/media?parent=3675"}],"wp:term":[{"taxonomy":"product_brand","embeddable":true,"href":"https:\/\/engelaere-editions.com\/blog\/wp-json\/wp\/v2\/product_brand?post=3675"},{"taxonomy":"product_cat","embeddable":true,"href":"https:\/\/engelaere-editions.com\/blog\/wp-json\/wp\/v2\/product_cat?post=3675"},{"taxonomy":"product_tag","embeddable":true,"href":"https:\/\/engelaere-editions.com\/blog\/wp-json\/wp\/v2\/product_tag?post=3675"}],"curies":[{"name":"wp","href":"https:\/\/api.w.org\/{rel}","templated":true}]}}

<blockquote><p>Auteur depuis 1980 d&rsquo;une vingtaine de livres dont la plupart sont consacrés à la mémoire de la mine et à la défense de notre parlache traditionnel, le picard, Guy Dubois propose aux lecteurs son ultime ouvrage.<br />
Il a rassemblé dans ce recueil ses « dits », écrits divers et poèmes.<br />
Ami de plusieurs chanteurs, il leur a écrit de nombreux textes en « patois » : Renaud en a interprété deux dans son disque « Renaud cante el Nord ».<br />
Fils, petit-fils et arrière-petit-fils de mineurs, il est un ardent défenseur du souvenir de la mine, ses chansons témoignent du dur labeur et des souffrances des « gueules noires ». Mais des textes humoristiques sur la vie quotidienne, des jeux de mots, attestent la bonne humeur et le bon sens des Gens du Nord.</p></blockquote>
<p>&nbsp;</p>

<p>116 pages· format 17 x 23 cm · 15 €<br />
ISBN 978-2-917621-53-0</p>
<p><strong>Si vous préférez commander par courrier postal, voici un bon de commande au format pdf à imprimer et envoyer à Engelaere Editions :</strong></p>
<p><strong><a href="https://engelaere-editions.com/blog/wp-content/uploads/2023/09/Bon-de-commande-LDDG.pdf">Bon de commande Les Dits qu&rsquo;i dit Guy</a></strong></p>
