{"id":3067,"date":"2021-05-15T17:03:07","date_gmt":"2021-05-15T15:03:07","guid":{"rendered":"https:\/\/engelaere-editions.com\/blog\/?post_type=product&#038;p=3067"},"modified":"2023-12-16T16:57:42","modified_gmt":"2023-12-16T15:57:42","slug":"regis-lesieux-te-laras-toudis-querre-tu-laimeras-toujours","status":"publish","type":"product","link":"https:\/\/engelaere-editions.com\/blog\/produit\/regis-lesieux-te-laras-toudis-querre-tu-laimeras-toujours\/","title":{"rendered":"T\u00e9 l&rsquo;aras toudis querre \/ Tu l&rsquo;aimeras toujours \u00b7 R\u00e9gis Lesieux"},"content":{"rendered":"<p>Les cinq nouvelles bilingues picard\/fran\u00e7ais \u00e9crites par R\u00e9gis Lesieux ont pour seule ambition de partager avec ses lecteurs sa passion du picard en d\u00e9montrant la capacit\u00e9 de cette langue \u00e0 exprimer toute la gamme des sentiments humains et toutes les situations auxquelles les \u00eatres humains peuvent \u00eatre confront\u00e9s.<br \/>\nCes cinq textes d\u00e9crivent cinq formes d\u2019amour qui portent toutes quelque chose d\u2019impossible et d\u2019extr\u00eame qu\u2019il s\u2019agisse d\u2019un Francilien arabe, musulman et homosexuel ou d\u2019amoureux qui vont \u00e0 la ducasse \u00e0 Bruay-en-Artois, en plein bassin minier du Pas-de-Calais. Bien souvent le spirituel trouve sa place dans ces r\u00e9cits, donnant aux amours d\u00e9crites ici une dimension \u00e9ternelle.<\/p>\n<blockquote><p>&nbsp;<\/p>\n<p><img loading=\"lazy\" decoding=\"async\" class=\"alignleft wp-image-3070\" src=\"https:\/\/engelaere-editions.com\/blog\/wp-content\/uploads\/2019\/11\/R\u00e9gis-Lesieux-852x1024.jpg\" alt=\"\" width=\"138\" height=\"166\" srcset=\"https:\/\/engelaere-editions.com\/blog\/wp-content\/uploads\/2019\/11\/R\u00e9gis-Lesieux-852x1024.jpg 852w, https:\/\/engelaere-editions.com\/blog\/wp-content\/uploads\/2019\/11\/R\u00e9gis-Lesieux-200x240.jpg 200w, https:\/\/engelaere-editions.com\/blog\/wp-content\/uploads\/2019\/11\/R\u00e9gis-Lesieux-300x360.jpg 300w, https:\/\/engelaere-editions.com\/blog\/wp-content\/uploads\/2019\/11\/R\u00e9gis-Lesieux-333x400.jpg 333w, https:\/\/engelaere-editions.com\/blog\/wp-content\/uploads\/2019\/11\/R\u00e9gis-Lesieux-768x923.jpg 768w, https:\/\/engelaere-editions.com\/blog\/wp-content\/uploads\/2019\/11\/R\u00e9gis-Lesieux-1279x1536.jpg 1279w, https:\/\/engelaere-editions.com\/blog\/wp-content\/uploads\/2019\/11\/R\u00e9gis-Lesieux.jpg 1475w\" sizes=\"auto, (max-width: 138px) 100vw, 138px\" \/>R\u00e9gis Lesieux fait partie de ces nouveaux auteurs prometteurs qui construisent l\u2019avenir de la litt\u00e9rature en picard, dans l\u2019Oise, mais aussi dans l\u2019ensemble de la R\u00e9gion Hauts-de-France. N\u00e9 en 1967 \u00e0 B\u00e9thune, il a \u00ab\u2009oubli\u00e9\u2009\u00bb son picard durant de nombreuses ann\u00e9es avant de le red\u00e9couvrir r\u00e9cemment.<br \/>\nAujourd\u2019hui install\u00e9 dans le sud de l\u2019Oise, il a produit des textes tr\u00e8s originaux. Ses premiers \u00e9crits ont \u00e9t\u00e9 r\u00e9dig\u00e9s dans une langue composite inspir\u00e9e du picard du Pas-de-Calais. Il a choisi aujourd\u2019hui d\u2019utiliser le picard de l\u2019Oise comme support de son expression litt\u00e9raire.<\/p><\/blockquote>\n","protected":false},"excerpt":{"rendered":"<p>Format : 17 x 23 cm<br \/>\nNombre de pages : 204<br \/>\nISBN : 978-2-917621-49-3<\/p>\n","protected":false},"featured_media":3068,"template":"","meta":[],"product_brand":[],"product_cat":[105,102],"product_tag":[],"class_list":{"0":"post-3067","1":"product","2":"type-product","3":"status-publish","4":"has-post-thumbnail","6":"product_cat-langues-regionales","7":"product_cat-nouveautes","8":"product_shipping_class-petit","10":"first","11":"instock","12":"shipping-taxable","13":"purchasable","14":"product-type-simple"},"aioseo_notices":[],"_links":{"self":[{"href":"https:\/\/engelaere-editions.com\/blog\/wp-json\/wp\/v2\/product\/3067","targetHints":{"allow":["GET"]}}],"collection":[{"href":"https:\/\/engelaere-editions.com\/blog\/wp-json\/wp\/v2\/product"}],"about":[{"href":"https:\/\/engelaere-editions.com\/blog\/wp-json\/wp\/v2\/types\/product"}],"wp:featuredmedia":[{"embeddable":true,"href":"https:\/\/engelaere-editions.com\/blog\/wp-json\/wp\/v2\/media\/3068"}],"wp:attachment":[{"href":"https:\/\/engelaere-editions.com\/blog\/wp-json\/wp\/v2\/media?parent=3067"}],"wp:term":[{"taxonomy":"product_brand","embeddable":true,"href":"https:\/\/engelaere-editions.com\/blog\/wp-json\/wp\/v2\/product_brand?post=3067"},{"taxonomy":"product_cat","embeddable":true,"href":"https:\/\/engelaere-editions.com\/blog\/wp-json\/wp\/v2\/product_cat?post=3067"},{"taxonomy":"product_tag","embeddable":true,"href":"https:\/\/engelaere-editions.com\/blog\/wp-json\/wp\/v2\/product_tag?post=3067"}],"curies":[{"name":"wp","href":"https:\/\/api.w.org\/{rel}","templated":true}]}}