{"id":2915,"date":"2019-03-16T09:35:54","date_gmt":"2019-03-16T08:35:54","guid":{"rendered":"https:\/\/engelaere-editions.com\/blog\/?post_type=product&#038;p=2915"},"modified":"2024-11-22T13:19:22","modified_gmt":"2024-11-22T12:19:22","slug":"jean-marie-vanlerenberghe-meneur-de-jeu","status":"publish","type":"product","link":"https:\/\/engelaere-editions.com\/blog\/produit\/jean-marie-vanlerenberghe-meneur-de-jeu\/","title":{"rendered":"Meneur de jeu \u00b7 Jean-Marie Vanlerenberghe"},"content":{"rendered":"<p>Ancien maire d\u2019Arras et parlementaire europ\u00e9en, aujourd\u2019hui s\u00e9nateur,<span style=\"color: #000000;\"><strong> Jean-Marie Vanlerenberghe<\/strong><\/span> nous emm\u00e8ne d\u00e9couvrir les coulisses de quelques batailles politiques.<br \/>\nVoil\u00e0 plus de cinquante ans que ce proche de Jean Lecanuet, d\u2019Andr\u00e9 Diligent et de Fran\u00e7ois Bayrou, pratique l\u2019art de l\u2019ouverture et du rassemblement.<br \/>\nSon enfance dans le bassin minier, l\u2019exercice de son m\u00e9tier d\u2019ing\u00e9nieur, une solide foi chr\u00e9tienne et son exp\u00e9rience d\u2019\u00e9lu de terrain l\u2019ont convaincu de trois urgences\u00a0: revivifier la d\u00e9mocratie sociale, reconnecter les dirigeants avec le peuple de France et sauver une Europe en grand danger.<\/p>\n<p>&nbsp;<\/p>\n<p>Pr\u00e9face de Fran\u00e7ois Bayrou<\/p>\n","protected":false},"excerpt":{"rendered":"<p>Entretiens avec Jean-Jacques d&rsquo;Amore<br \/>\nFormat : 13 x 20,5 cm<br \/>\nNombre de pages : 250 (dont album photos de 14 pages)<br \/>\nISBN : 978-2-917621-45-5<\/p>\n","protected":false},"featured_media":2916,"template":"","meta":[],"product_brand":[],"product_cat":[104,129],"product_tag":[],"class_list":{"0":"post-2915","1":"product","2":"type-product","3":"status-publish","4":"has-post-thumbnail","6":"product_cat-biographies","7":"product_cat-non-classe","8":"product_shipping_class-petit","10":"first","11":"outofstock","12":"featured","13":"shipping-taxable","14":"purchasable","15":"product-type-simple"},"aioseo_notices":[],"_links":{"self":[{"href":"https:\/\/engelaere-editions.com\/blog\/wp-json\/wp\/v2\/product\/2915","targetHints":{"allow":["GET"]}}],"collection":[{"href":"https:\/\/engelaere-editions.com\/blog\/wp-json\/wp\/v2\/product"}],"about":[{"href":"https:\/\/engelaere-editions.com\/blog\/wp-json\/wp\/v2\/types\/product"}],"wp:featuredmedia":[{"embeddable":true,"href":"https:\/\/engelaere-editions.com\/blog\/wp-json\/wp\/v2\/media\/2916"}],"wp:attachment":[{"href":"https:\/\/engelaere-editions.com\/blog\/wp-json\/wp\/v2\/media?parent=2915"}],"wp:term":[{"taxonomy":"product_brand","embeddable":true,"href":"https:\/\/engelaere-editions.com\/blog\/wp-json\/wp\/v2\/product_brand?post=2915"},{"taxonomy":"product_cat","embeddable":true,"href":"https:\/\/engelaere-editions.com\/blog\/wp-json\/wp\/v2\/product_cat?post=2915"},{"taxonomy":"product_tag","embeddable":true,"href":"https:\/\/engelaere-editions.com\/blog\/wp-json\/wp\/v2\/product_tag?post=2915"}],"curies":[{"name":"wp","href":"https:\/\/api.w.org\/{rel}","templated":true}]}}