{"id":2910,"date":"2019-03-01T17:17:56","date_gmt":"2019-03-01T16:17:56","guid":{"rendered":"https:\/\/engelaere-editions.com\/blog\/?post_type=product&#038;p=2910"},"modified":"2023-12-16T17:00:44","modified_gmt":"2023-12-16T16:00:44","slug":"rendez-vous-a-impour-de-julien-wzorek","status":"publish","type":"product","link":"https:\/\/engelaere-editions.com\/blog\/produit\/rendez-vous-a-impour-de-julien-wzorek\/","title":{"rendered":"Rendez-vous \u00e0 Impour \u00b7 Julien Wzorek"},"content":{"rendered":"<p>Au d\u00e9but des ann\u00e9es 1920, \u00e0 Impour, pr\u00e8s de New Delhi, Maria, une jeune et belle institutrice indienne s\u2019appr\u00eate \u00e0 vivre de grands bouleversements. Elle r\u00eave de voyages et va rencontrer Joseph, un jeune m\u00e9decin anglais, l\u2019homme de sa vie. De cet amour va na\u00eetre Anthony, qui va \u00e0 son tour devenir m\u00e9decin et chercher, comme son p\u00e8re avant lui, \u00e0 combattre un mal \u00e9trange qui touche les hommes du village. En Europe, la folie des hommes va mettre le monde \u00e0 feu et \u00e0 sang. Gabrielle, une femme parmi d\u2019autres, va s\u2019engager contre le monstre nazi et prendre la t\u00eate d\u2019un r\u00e9seau de r\u00e9sistance dans le Nord de la France. Elle croise, par le plus grand des hasards, le destin d\u2019Anthony sur un quai de m\u00e9tro, \u00e0 Londres\u2026<br \/>\nImpour, ce tout petit village, est le rendez-vous de grandes histoires entre des femmes et des hommes de toutes origines et de toutes conditions. L\u2019amour qui les unit va les aider \u00e0 surmonter les tourments de leur temps.<\/p>\n<blockquote><p><img loading=\"lazy\" decoding=\"async\" class=\"alignleft wp-image-2913\" src=\"https:\/\/engelaere-editions.com\/blog\/wp-content\/uploads\/2019\/03\/Copie-de-IMG_0928-copie_edit1_edit-1-e1551457345836-1024x963.jpg\" alt=\"\" width=\"145\" height=\"136\" srcset=\"https:\/\/engelaere-editions.com\/blog\/wp-content\/uploads\/2019\/03\/Copie-de-IMG_0928-copie_edit1_edit-1-e1551457345836-1024x963.jpg 1024w, https:\/\/engelaere-editions.com\/blog\/wp-content\/uploads\/2019\/03\/Copie-de-IMG_0928-copie_edit1_edit-1-e1551457345836-200x188.jpg 200w, https:\/\/engelaere-editions.com\/blog\/wp-content\/uploads\/2019\/03\/Copie-de-IMG_0928-copie_edit1_edit-1-e1551457345836-300x282.jpg 300w, https:\/\/engelaere-editions.com\/blog\/wp-content\/uploads\/2019\/03\/Copie-de-IMG_0928-copie_edit1_edit-1-e1551457345836-400x376.jpg 400w, https:\/\/engelaere-editions.com\/blog\/wp-content\/uploads\/2019\/03\/Copie-de-IMG_0928-copie_edit1_edit-1-e1551457345836-768x723.jpg 768w, https:\/\/engelaere-editions.com\/blog\/wp-content\/uploads\/2019\/03\/Copie-de-IMG_0928-copie_edit1_edit-1-e1551457345836.jpg 1470w\" sizes=\"auto, (max-width: 145px) 100vw, 145px\" \/><em>N\u00e9 en Pologne de parents polonais, Julien Wzorek arrive en France \u00e0 l\u2019\u00e2ge de 8 ans. Homme de m\u00e9dias, il a dirig\u00e9 la communication d\u2019entreprises priv\u00e9es et publiques. Chroniqueur sur <\/em>Radio France<em>, collaborateur de <\/em>France\u00a03<em> et <\/em>M6<em>, son \u00e9mission <\/em>\u00ab\u2009Rencontres en Nord\u2009\u00bb<em> a marqu\u00e9 le monde de la radio. Consultant en communication, culture et m\u00e9dia \u00e0 la facult\u00e9 des sciences \u00e9conomiques de l\u2019Artois, son premier livre, <\/em>\u00ab Le petit Polonais \u00bb<em> a \u00e9t\u00e9 publi\u00e9 chez Engelaere \u00c9ditions en 2014.<\/em><\/p><\/blockquote>\n<h5><\/h5>\n<h5><\/h5>\n<h5><\/h5>\n<h5><\/h5>\n<h5><\/h5>\n","protected":false},"excerpt":{"rendered":"<h5>ISBN 978-2-917621-46-2 \u00b7 Format 12 x 20.5 cm \u00b7 204 pages \u00b7 13 \u20ac<\/h5>\n","protected":false},"featured_media":2911,"template":"","meta":[],"product_brand":[],"product_cat":[100],"product_tag":[],"class_list":{"0":"post-2910","1":"product","2":"type-product","3":"status-publish","4":"has-post-thumbnail","6":"product_cat-roman","7":"product_shipping_class-petit","9":"first","10":"instock","11":"shipping-taxable","12":"purchasable","13":"product-type-simple"},"aioseo_notices":[],"_links":{"self":[{"href":"https:\/\/engelaere-editions.com\/blog\/wp-json\/wp\/v2\/product\/2910","targetHints":{"allow":["GET"]}}],"collection":[{"href":"https:\/\/engelaere-editions.com\/blog\/wp-json\/wp\/v2\/product"}],"about":[{"href":"https:\/\/engelaere-editions.com\/blog\/wp-json\/wp\/v2\/types\/product"}],"wp:featuredmedia":[{"embeddable":true,"href":"https:\/\/engelaere-editions.com\/blog\/wp-json\/wp\/v2\/media\/2911"}],"wp:attachment":[{"href":"https:\/\/engelaere-editions.com\/blog\/wp-json\/wp\/v2\/media?parent=2910"}],"wp:term":[{"taxonomy":"product_brand","embeddable":true,"href":"https:\/\/engelaere-editions.com\/blog\/wp-json\/wp\/v2\/product_brand?post=2910"},{"taxonomy":"product_cat","embeddable":true,"href":"https:\/\/engelaere-editions.com\/blog\/wp-json\/wp\/v2\/product_cat?post=2910"},{"taxonomy":"product_tag","embeddable":true,"href":"https:\/\/engelaere-editions.com\/blog\/wp-json\/wp\/v2\/product_tag?post=2910"}],"curies":[{"name":"wp","href":"https:\/\/api.w.org\/{rel}","templated":true}]}}