{"id":2360,"date":"2016-06-22T12:31:53","date_gmt":"2016-06-22T10:31:53","guid":{"rendered":"http:\/\/engelaere-editions.com\/blog\/?post_type=product&#038;p=2360"},"modified":"2023-12-16T17:01:32","modified_gmt":"2023-12-16T16:01:32","slug":"elie-larvent-rintdinldainne-dins-les-atomes","status":"publish","type":"product","link":"https:\/\/engelaere-editions.com\/blog\/produit\/elie-larvent-rintdinldainne-dins-les-atomes\/","title":{"rendered":"Rintdinldainne dins les atomes \u00b7 \u00c9lie Larvent"},"content":{"rendered":"<p>Compatriote et contemporain de Jules Mousseron, \u00c9lie Larvent nous a laiss\u00e9 une s\u00e9rie de textes originaux et pleins d\u2019esprit. R\u00e9dig\u00e9s entre 1943 et 1947, ils \u00e9voquent, souvent avec un humour grin\u00e7ant, cette p\u00e9riode de lib\u00e9ration de la France et de l\u2019imm\u00e9diat apr\u00e8s-guerre. Le personnage f\u00e9tiche d\u2019\u00c9lie Larvent, Rintdinldainne, qui n\u2019est pas sans rappeler Cafougnette, y est tour \u00e0 tour repr\u00e9sentant de commerce, instituteur et journaliste. Il affronte avec bravoure, et un peu de na\u00efvet\u00e9 comique, les tourments de son \u00e9poque\u00a0: la guerre, les privations, le march\u00e9 noir, l\u2019inflation, le rationnement et m\u00eame\u2026 la bombe atomique\u00a0!<\/p>\n<p>N\u00e9 en 1882, \u00e0 Denain, dans le m\u00eame coron que Jules Mousseron, \u00c9lie Larvent descend tr\u00e8s jeune \u00e0 la mine. Accident\u00e9, il y reste peu et est embauch\u00e9 par l\u2019entreprise Cail. En 1906, il rejoint les \u00e9tudiants de la bible, groupe de chr\u00e9tiens mill\u00e9naristes dont le berceau est \u00e0 Denain. Cet engagement religieux marquera toute sa vie. Mais \u00c9lie Larvent<br \/>\nest \u00e9galement un passionn\u00e9 de litt\u00e9rature et d\u2019op\u00e9ra. Il admire Caruso et se rend r\u00e9guli\u00e8rement au th\u00e9\u00e2tre de Denain. Auteur de textes en \u00ab rouchi \u00bb, le picard parl\u00e9 dans le Valenciennois, l\u2019aust\u00e8re personnage, qui est d\u2019une incroyable dr\u00f4lerie dans sa vie priv\u00e9e, nous laisse ainsi un t\u00e9moignage \u00e9tonnant sur Denain entre la fin de la guerre et l\u2019imm\u00e9diat apr\u00e8s-guerre. Asthmatique, il d\u00e9c\u00e8de d\u2019un probl\u00e8me respiratoire en 1954.<\/p>\n","protected":false},"excerpt":{"rendered":"<p>112 pages au format 17 x 23 cm<br \/>\nISBN 978-2-917621-39-4<\/p>\n","protected":false},"featured_media":2475,"template":"","meta":[],"product_brand":[],"product_cat":[105],"product_tag":[],"class_list":{"0":"post-2360","1":"product","2":"type-product","3":"status-publish","4":"has-post-thumbnail","6":"product_cat-langues-regionales","7":"product_shipping_class-petit","9":"first","10":"instock","11":"shipping-taxable","12":"purchasable","13":"product-type-simple"},"aioseo_notices":[],"_links":{"self":[{"href":"https:\/\/engelaere-editions.com\/blog\/wp-json\/wp\/v2\/product\/2360","targetHints":{"allow":["GET"]}}],"collection":[{"href":"https:\/\/engelaere-editions.com\/blog\/wp-json\/wp\/v2\/product"}],"about":[{"href":"https:\/\/engelaere-editions.com\/blog\/wp-json\/wp\/v2\/types\/product"}],"wp:featuredmedia":[{"embeddable":true,"href":"https:\/\/engelaere-editions.com\/blog\/wp-json\/wp\/v2\/media\/2475"}],"wp:attachment":[{"href":"https:\/\/engelaere-editions.com\/blog\/wp-json\/wp\/v2\/media?parent=2360"}],"wp:term":[{"taxonomy":"product_brand","embeddable":true,"href":"https:\/\/engelaere-editions.com\/blog\/wp-json\/wp\/v2\/product_brand?post=2360"},{"taxonomy":"product_cat","embeddable":true,"href":"https:\/\/engelaere-editions.com\/blog\/wp-json\/wp\/v2\/product_cat?post=2360"},{"taxonomy":"product_tag","embeddable":true,"href":"https:\/\/engelaere-editions.com\/blog\/wp-json\/wp\/v2\/product_tag?post=2360"}],"curies":[{"name":"wp","href":"https:\/\/api.w.org\/{rel}","templated":true}]}}