{"id":2160,"date":"2015-12-20T09:38:18","date_gmt":"2015-12-20T08:38:18","guid":{"rendered":"http:\/\/engelaere-editions.com\/blog\/?post_type=product&#038;p=2160"},"modified":"2023-12-16T17:04:28","modified_gmt":"2023-12-16T16:04:28","slug":"le-saigneur-des-pierres-roger-facon","status":"publish","type":"product","link":"https:\/\/engelaere-editions.com\/blog\/produit\/le-saigneur-des-pierres-roger-facon\/","title":{"rendered":"\u00ab\u00a0Le Saigneur des pierres\u00a0\u00bb Roger Facon"},"content":{"rendered":"<blockquote><p>Douai, cit\u00e9 m\u00e9di\u00e9vale, poss\u00e8de une ruelle de l\u2019enfer\u2026 Romuald F\u00e9ran, \u00e9crivain rat\u00e9, subit d&rsquo;\u00e9tranges visions apr\u00e8s avoir \u00e9t\u00e9 heurt\u00e9 par une moto dans les rues de Lille. L&rsquo;infirmi\u00e8re qui l&rsquo;a soign\u00e9 est retrouv\u00e9e \u00e9gorg\u00e9e au pieds des 7 Bonnettes de Sailly-en-Ostrevent, pr\u00e8s de Douai. D&rsquo;autres meurtres sont commis. Ils sont perp\u00e9tr\u00e9s par Monstre, serviteur du Ma\u00eetre d&rsquo;une soci\u00e9t\u00e9 secr\u00e8te qui s&rsquo;affole devant un monde en plein changement \u00e0 l&rsquo;aube des ann\u00e9es 80&#8230; Un incroyable voyage fantastique au c\u0153ur d&rsquo;un Nord authentique et myst\u00e9rieux..<\/p><\/blockquote>\n<div style=\"text-align: justify;\"><em>Avec <\/em>\u00ab\u2005Le saigneur des pierres\u2005\u00bb<em>, Roger Facon signe le premier polar r\u00e9gional fantastique de la collection <\/em>\u00ab\u2005myst\u00e8res en nord\u2005\u00bb<em>. On ne saurait oublier que Dracula, avec l\u2019aide des moines noirs de la ruelle de l\u2019enfer, a s\u00e9journ\u00e9 \u00e0 Douai, que des cercles occultes s\u2019affrontent pour la domination du monde et que le Nord-Pas de Calais, vieille terre flamande, abrite certains des plus grands myst\u00e8res de l\u2019humanit\u00e9.<\/em><\/div>\n<h5><a href=\"http:\/\/engelaere-editions.com\/blog\/wp-content\/uploads\/2011\/06\/logo-MEN.jpg\"><img loading=\"lazy\" decoding=\"async\" class=\"alignleft size-full wp-image-220\" title=\"&quot;myst\u00e8res en nord&quot;\" src=\"http:\/\/engelaere-editions.com\/blog\/wp-content\/uploads\/2011\/06\/logo-MEN.jpg\" alt=\"\" width=\"40\" height=\"65\" srcset=\"https:\/\/engelaere-editions.com\/blog\/wp-content\/uploads\/2011\/06\/logo-MEN-94x150.jpg 94w, https:\/\/engelaere-editions.com\/blog\/wp-content\/uploads\/2011\/06\/logo-MEN-93x148.jpg 93w, https:\/\/engelaere-editions.com\/blog\/wp-content\/uploads\/2011\/06\/logo-MEN-19x31.jpg 19w, https:\/\/engelaere-editions.com\/blog\/wp-content\/uploads\/2011\/06\/logo-MEN-24x38.jpg 24w, https:\/\/engelaere-editions.com\/blog\/wp-content\/uploads\/2011\/06\/logo-MEN-135x215.jpg 135w\" sizes=\"auto, (max-width: 40px) 100vw, 40px\" \/><\/a><\/h5>\n<h5>Collection \u00ab\u00a0myst\u00e8res en nord\u00a0\u00bb<\/h5>\n","protected":false},"excerpt":{"rendered":"<h5><em>\u00ab\u00a0Le saigneur des pierres\u00a0\u00bb<\/em><strong> : 256 pages (broch\u00e9) \u00b7 format 120 x 180 mm \u00b7 <\/strong><strong>10,10 \u20ac\u00a0\u00b7 ISBN 978-2-917621-10-3<\/strong><\/h5>\n","protected":false},"featured_media":209,"template":"","meta":[],"product_brand":[],"product_cat":[106,96],"product_tag":[],"class_list":{"0":"post-2160","1":"product","2":"type-product","3":"status-publish","4":"has-post-thumbnail","6":"product_cat-polars","7":"product_cat-romans-fantastiques","8":"product_shipping_class-petit","10":"first","11":"instock","12":"shipping-taxable","13":"purchasable","14":"product-type-simple"},"aioseo_notices":[],"_links":{"self":[{"href":"https:\/\/engelaere-editions.com\/blog\/wp-json\/wp\/v2\/product\/2160","targetHints":{"allow":["GET"]}}],"collection":[{"href":"https:\/\/engelaere-editions.com\/blog\/wp-json\/wp\/v2\/product"}],"about":[{"href":"https:\/\/engelaere-editions.com\/blog\/wp-json\/wp\/v2\/types\/product"}],"wp:featuredmedia":[{"embeddable":true,"href":"https:\/\/engelaere-editions.com\/blog\/wp-json\/wp\/v2\/media\/209"}],"wp:attachment":[{"href":"https:\/\/engelaere-editions.com\/blog\/wp-json\/wp\/v2\/media?parent=2160"}],"wp:term":[{"taxonomy":"product_brand","embeddable":true,"href":"https:\/\/engelaere-editions.com\/blog\/wp-json\/wp\/v2\/product_brand?post=2160"},{"taxonomy":"product_cat","embeddable":true,"href":"https:\/\/engelaere-editions.com\/blog\/wp-json\/wp\/v2\/product_cat?post=2160"},{"taxonomy":"product_tag","embeddable":true,"href":"https:\/\/engelaere-editions.com\/blog\/wp-json\/wp\/v2\/product_tag?post=2160"}],"curies":[{"name":"wp","href":"https:\/\/api.w.org\/{rel}","templated":true}]}}