{"id":2156,"date":"2015-12-20T09:31:13","date_gmt":"2015-12-20T08:31:13","guid":{"rendered":"http:\/\/engelaere-editions.com\/blog\/?post_type=product&#038;p=2156"},"modified":"2016-02-01T17:22:43","modified_gmt":"2016-02-01T16:22:43","slug":"entretiens-avec-un-tres-vieux-vampire-roger-faco","status":"publish","type":"product","link":"https:\/\/engelaere-editions.com\/blog\/produit\/entretiens-avec-un-tres-vieux-vampire-roger-faco\/","title":{"rendered":"\u00ab Entretiens avec un tr\u00e8s vieux vampire \u00bb Roger Facon"},"content":{"rendered":"<blockquote>\n<p style=\"text-align: justify;\">Humour et myst\u00e8re garantis d\u00e8s les premi\u00e8res pages d\u2019<em>Entretiens avec un tr\u00e8s vieux vampire<\/em> gr\u00e2ce aux p\u00e9r\u00e9grinations du Chevalier Le Cl\u00e9ment de Buirette, vieux vampire roublard, ravi de rendre service \u00e0 L\u2019Anonyme d\u2019Anvers. M\u00eame fatigu\u00e9 d\u2019avoir travers\u00e9 les si\u00e8cles, notre chevalier ne manquerait pour rien au monde l\u2019assembl\u00e9e annuelle de la Confr\u00e9rie des saigneurs de la nuit dont il est l\u2019un des plus solides piliers. Quitte \u00e0 devoir faire mentir la proph\u00e9tie maya et se lancer \u00e0 la recherche de l\u2019<em>\u00c9vangile de Sang<\/em>, un film muet projet\u00e9 \u00e0 une poign\u00e9e de verriers, en 1910, \u00e0 l\u2019<em>Id\u00e9al cin\u00e9ma<\/em>, le plus vieux cin\u00e9ma ouvrier du monde, situ\u00e9 \u00e0 Aniche.<\/p>\n<\/blockquote>\n<p style=\"text-align: justify;\"><em>Auteur d\u2019une trentaine de romans noirs, romans fantastiques et essais sur l\u2019occultisme, Roger Facon fait ici la jonction entre son travail d\u2019\u00e9crivain et son mandat d\u2019Adjoint \u00e0 la culture \u00e0 Aniche pour son plus grand plaisir et celui de ses lecteurs.<\/em><\/p>\n<p style=\"text-align: justify;\"><strong><em>Collection 666<\/em><\/strong><\/p>\n","protected":false},"excerpt":{"rendered":"<h5 style=\"text-align: justify;\"><strong>96 pages (broch\u00e9) \u00b7 format 110 x 170 mm \u00b7<\/strong><strong> 6 \u20ac\u00a0\u00b7 ISBN 978-2-917621-17-2<\/strong><\/h5>\n","protected":false},"featured_media":1198,"template":"","meta":[],"product_brand":[],"product_cat":[116,96],"product_tag":[115],"class_list":{"0":"post-2156","1":"product","2":"type-product","3":"status-publish","4":"has-post-thumbnail","6":"product_cat-116","7":"product_cat-romans-fantastiques","8":"product_tag-115","10":"first","11":"instock","12":"shipping-taxable","13":"purchasable","14":"product-type-simple"},"aioseo_notices":[],"_links":{"self":[{"href":"https:\/\/engelaere-editions.com\/blog\/wp-json\/wp\/v2\/product\/2156","targetHints":{"allow":["GET"]}}],"collection":[{"href":"https:\/\/engelaere-editions.com\/blog\/wp-json\/wp\/v2\/product"}],"about":[{"href":"https:\/\/engelaere-editions.com\/blog\/wp-json\/wp\/v2\/types\/product"}],"wp:featuredmedia":[{"embeddable":true,"href":"https:\/\/engelaere-editions.com\/blog\/wp-json\/wp\/v2\/media\/1198"}],"wp:attachment":[{"href":"https:\/\/engelaere-editions.com\/blog\/wp-json\/wp\/v2\/media?parent=2156"}],"wp:term":[{"taxonomy":"product_brand","embeddable":true,"href":"https:\/\/engelaere-editions.com\/blog\/wp-json\/wp\/v2\/product_brand?post=2156"},{"taxonomy":"product_cat","embeddable":true,"href":"https:\/\/engelaere-editions.com\/blog\/wp-json\/wp\/v2\/product_cat?post=2156"},{"taxonomy":"product_tag","embeddable":true,"href":"https:\/\/engelaere-editions.com\/blog\/wp-json\/wp\/v2\/product_tag?post=2156"}],"curies":[{"name":"wp","href":"https:\/\/api.w.org\/{rel}","templated":true}]}}

« Entretiens avec un très vieux vampire » Roger Facon

<blockquote>
<p style="text-align: justify;">Humour et mystère garantis dès les premières pages d’<em>Entretiens avec un très vieux vampire</em> grâce aux pérégrinations du Chevalier Le Clément de Buirette, vieux vampire roublard, ravi de rendre service à L’Anonyme d’Anvers. Même fatigué d’avoir traversé les siècles, notre chevalier ne manquerait pour rien au monde l’assemblée annuelle de la Confrérie des saigneurs de la nuit dont il est l’un des plus solides piliers. Quitte à devoir faire mentir la prophétie maya et se lancer à la recherche de l’<em>Évangile de Sang</em>, un film muet projeté à une poignée de verriers, en 1910, à l’<em>Idéal cinéma</em>, le plus vieux cinéma ouvrier du monde, situé à Aniche.</p>
</blockquote>
<p style="text-align: justify;"><em>Auteur d’une trentaine de romans noirs, romans fantastiques et essais sur l’occultisme, Roger Facon fait ici la jonction entre son travail d’écrivain et son mandat d’Adjoint à la culture à Aniche pour son plus grand plaisir et celui de ses lecteurs.</em></p>
<p style="text-align: justify;"><strong><em>Collection 666</em></strong></p>

<h5 style="text-align: justify;"><strong>96 pages (broché) · format 110 x 170 mm ·</strong><strong> 6 € · ISBN 978-2-917621-17-2</strong></h5>
