{"id":2146,"date":"2015-12-18T10:36:11","date_gmt":"2015-12-18T09:36:11","guid":{"rendered":"http:\/\/engelaere-editions.com\/blog\/?post_type=product&#038;p=2146"},"modified":"2023-12-16T17:06:01","modified_gmt":"2023-12-16T16:06:01","slug":"les-athees-ou-jai-min-garde-boue-qui-clique-guy-fontaine","status":"publish","type":"product","link":"https:\/\/engelaere-editions.com\/blog\/produit\/les-athees-ou-jai-min-garde-boue-qui-clique-guy-fontaine\/","title":{"rendered":"\u00ab\u00a0Les Ath\u00e9es ou J&rsquo;ai min garde-boue qui clique\u00a0\u00bb Guy Fontaine"},"content":{"rendered":"<blockquote>\n<p style=\"text-align: justify;\">Au printemps 1972, une lyc\u00e9enne est retrouv\u00e9e assassin\u00e9e, sur un terrain vague\u00a0: c\u2019est le (trop) fameux crime de Bruay-en-Artois. En arri\u00e8re-plan de cette trag\u00e9die, des mineurs abattent du charbon, une fille d\u2019ouvrier poursuit ses \u00e9tudes, des mao\u00efstes machinent un sanglant Tribunal Populaire. Et Maxence D\u00e9bauchin, lui, avec <em>\u00ab\u2009sin garde-boue qui clique\u2009\u00bb<\/em>, il p\u00e9dale sur son v\u00e9lo. De corons en ducasses, d\u2019\u00e9glises en estaminets, il cherche \u00e0 comprendre le sens de la Com\u00e9die Humaine qui se joue sous le ciel du Nord.<br \/>\nLes Ath\u00e9es ou J\u2019ai min garde-boue qui clique est une pi\u00e8ce de th\u00e9\u00e2tre pour rire et pour pleurer, un parcours farcesque et mystique, en Flandres et en Artois. L\u2019univers de Brel tutoie, en fran\u00e7ais et en picard, celui de Bernanos.<\/p>\n<\/blockquote>\n<p style=\"text-align: justify;\"><span style=\"color: #3366ff;\">Guy Fontaine<\/span>, cr\u00e9ateur de la R\u00e9sidence pour \u00c9crivains Europ\u00e9ens <em>Villa Marguerite Yourcenar<\/em>, est agr\u00e9g\u00e9 de Lettres Modernes, professeur de Lettres et Cultures d\u2019Europe et Pr\u00e9sident du R\u00e9seau Universitaire <em>\u00ab\u2009Les lettres europ\u00e9ennes\u2009\u00bb<\/em>. N\u00e9 \u00e0 Bruay-en-Artois (devenu Bruay-La Buissi\u00e8re en 1987), il y a pass\u00e9 une enfance berc\u00e9e par le picard, les ducasses et les kermesses. Lyc\u00e9en \u00e0 Bruay au d\u00e9but des ann\u00e9es 1970, il a \u00e9t\u00e9 profond\u00e9ment marqu\u00e9 par l&rsquo;assassinat de la jeune Brigitte Dew\u00e8vre, fille de mineur de seize ans, et les remous politico-judiciaires autour de ce qui est devenu <em>\u00ab L\u2019affaire de Bruay \u00bb<\/em>.<\/p>\n","protected":false},"excerpt":{"rendered":"<h5><span style=\"color: #993366;\">R\u00e9impression en cours<\/span><\/h5>\n<h5><em>\u00ab Les Ath\u00e9es ou J&rsquo;ai min garde-boue qui clique \u00bb<\/em> : format : 11 x 19 cm \u00b7 96 pages \u00b7 10 \u20ac \u00b7 ISBN 978-2-917621-16-5<\/h5>\n","protected":false},"featured_media":554,"template":"","meta":[],"product_brand":[],"product_cat":[105,114],"product_tag":[],"class_list":{"0":"post-2146","1":"product","2":"type-product","3":"status-publish","4":"has-post-thumbnail","6":"product_cat-langues-regionales","7":"product_cat-theatre","8":"product_shipping_class-petit","10":"first","11":"instock","12":"shipping-taxable","13":"purchasable","14":"product-type-simple"},"aioseo_notices":[],"_links":{"self":[{"href":"https:\/\/engelaere-editions.com\/blog\/wp-json\/wp\/v2\/product\/2146","targetHints":{"allow":["GET"]}}],"collection":[{"href":"https:\/\/engelaere-editions.com\/blog\/wp-json\/wp\/v2\/product"}],"about":[{"href":"https:\/\/engelaere-editions.com\/blog\/wp-json\/wp\/v2\/types\/product"}],"wp:featuredmedia":[{"embeddable":true,"href":"https:\/\/engelaere-editions.com\/blog\/wp-json\/wp\/v2\/media\/554"}],"wp:attachment":[{"href":"https:\/\/engelaere-editions.com\/blog\/wp-json\/wp\/v2\/media?parent=2146"}],"wp:term":[{"taxonomy":"product_brand","embeddable":true,"href":"https:\/\/engelaere-editions.com\/blog\/wp-json\/wp\/v2\/product_brand?post=2146"},{"taxonomy":"product_cat","embeddable":true,"href":"https:\/\/engelaere-editions.com\/blog\/wp-json\/wp\/v2\/product_cat?post=2146"},{"taxonomy":"product_tag","embeddable":true,"href":"https:\/\/engelaere-editions.com\/blog\/wp-json\/wp\/v2\/product_tag?post=2146"}],"curies":[{"name":"wp","href":"https:\/\/api.w.org\/{rel}","templated":true}]}}

« Les Athées ou J&rsquo;ai min garde-boue qui clique » Guy Fontaine

<blockquote>
<p style="text-align: justify;">Au printemps 1972, une lycéenne est retrouvée assassinée, sur un terrain vague : c’est le (trop) fameux crime de Bruay-en-Artois. En arrière-plan de cette tragédie, des mineurs abattent du charbon, une fille d’ouvrier poursuit ses études, des maoïstes machinent un sanglant Tribunal Populaire. Et Maxence Débauchin, lui, avec <em>« sin garde-boue qui clique »</em>, il pédale sur son vélo. De corons en ducasses, d’églises en estaminets, il cherche à comprendre le sens de la Comédie Humaine qui se joue sous le ciel du Nord.<br />
Les Athées ou J’ai min garde-boue qui clique est une pièce de théâtre pour rire et pour pleurer, un parcours farcesque et mystique, en Flandres et en Artois. L’univers de Brel tutoie, en français et en picard, celui de Bernanos.</p>
</blockquote>
<p style="text-align: justify;"><span style="color: #3366ff;">Guy Fontaine</span>, créateur de la Résidence pour Écrivains Européens <em>Villa Marguerite Yourcenar</em>, est agrégé de Lettres Modernes, professeur de Lettres et Cultures d’Europe et Président du Réseau Universitaire <em>« Les lettres européennes »</em>. Né à Bruay-en-Artois (devenu Bruay-La Buissière en 1987), il y a passé une enfance bercée par le picard, les ducasses et les kermesses. Lycéen à Bruay au début des années 1970, il a été profondément marqué par l&rsquo;assassinat de la jeune Brigitte Dewèvre, fille de mineur de seize ans, et les remous politico-judiciaires autour de ce qui est devenu <em>« L’affaire de Bruay »</em>.</p>

<h5><span style="color: #993366;">Réimpression en cours</span></h5>
<h5><em>« Les Athées ou J&rsquo;ai min garde-boue qui clique »</em> : format : 11 x 19 cm · 96 pages · 10 € · ISBN 978-2-917621-16-5</h5>
