{"id":2018,"date":"2015-12-20T15:34:22","date_gmt":"2015-12-20T14:34:22","guid":{"rendered":"http:\/\/engelaere-editions.com\/blog\/?post_type=product&#038;p=2018"},"modified":"2023-12-16T17:04:02","modified_gmt":"2023-12-16T16:04:02","slug":"1588-la-terreur-des-seize-tome-ii-sylvette-mathieu","status":"publish","type":"product","link":"https:\/\/engelaere-editions.com\/blog\/produit\/1588-la-terreur-des-seize-tome-ii-sylvette-mathieu\/","title":{"rendered":"\u00ab\u00a01588 La Terreur des Seize\u00a0\u00bb tome II Sylvette Mathieu"},"content":{"rendered":"<h4><span style=\"color: #ff6600;\">Ault la ville engloutie tome II : L&rsquo;AIR<br \/>\n<\/span><\/h4>\n<p style=\"text-align: justify;\">Cinq ans apr\u00e8s l\u2019engloutissement de son port et de sa ville basse, Ault se rel\u00e8ve lentement mais les choses ne sont plus comme avant\u2026<br \/>\nCatherine, la bourgeoise, en Picarde avis\u00e9e, et aussi en femme d\u2019affaire, investit \u00e0 Paris o\u00f9 son fils est avocat. Elle, Agn\u00e8s et Marguerite se retrouvent dans la capitale en 1588, au pire moment des guerres de religion, pendant la dictature des fanatiques catholiques du duc de Guise dans les seize quartiers de Paris. H\u00e9loise reste \u00e0 Ault o\u00f9 elle participe \u00e0 la reconstruction du port, mais sa vie avec Fran\u00e7ois le broutier n\u2019est pas celle qu\u2019elle esp\u00e9rait. \u00c0 Paris, un homme qui avait s\u00e9vi \u00e0 Ault va resurgir et amener Agn\u00e8s sur le point d\u2019\u00eatre br\u00fbl\u00e9e vive en place de Gr\u00e8ve. Marguerite va vivre une folle passion, mais son pass\u00e9 d\u2019ancienne dame de compagnie de la reine Margot va la rattraper. Des signes pr\u00e9viendront Joseph le J\u00e9suite du danger qui menace son amour de toujours. L\u2019inscription de Marguerite sur la liste noire des Seize va l\u2019obliger \u00e0 regagner la Picardie o\u00f9 ses amies se sont d\u00e9j\u00e0 prudemment r\u00e9fugi\u00e9es.<\/p>\n<p><em>Suite au succ\u00e8s de <\/em><strong>1583 Ault, la ville engloutie<\/strong><em>, Sylvette continue d\u2019explorer cette \u00e9poque troubl\u00e9e de la fin du XVIe si\u00e8cle. Apr\u00e8s le cataclysme qui s\u2019est abattu sur le port d\u2019Ault, elle s\u2019est int\u00e9ress\u00e9e aux premi\u00e8res barricades de Paris, \u00e0 son air pollu\u00e9, \u00e0 l\u2019intol\u00e9rance et au fanatisme qui y r\u00e9gnaient en 1588 pour y emmener ses h\u00e9ro\u00efnes. \u00c0 travers ce roman historique qui m\u00eale l\u2019aventure, l\u2019amour et une r\u00e9elle passion pour l\u2019histoire, Sylvette Mathieu se r\u00e9v\u00e8le comme l\u2019auteure d\u2019une v\u00e9ritable saga f\u00e9ministe qui ravira ses lecteurs et lectrices.<\/em><\/p>\n","protected":false},"excerpt":{"rendered":"<h5><span style=\"color: #000000;\"><strong>240 pages \u00b7 format 12 x 20,5 cm \u00b7 12,50 \u20ac \u00b7 ISBN 978-2-917621-21-9<\/strong><\/span><\/h5>\n","protected":false},"featured_media":1205,"template":"","meta":[],"product_brand":[],"product_cat":[98],"product_tag":[],"class_list":{"0":"post-2018","1":"product","2":"type-product","3":"status-publish","4":"has-post-thumbnail","6":"product_cat-romans-historiques","7":"product_shipping_class-petit","9":"first","10":"outofstock","11":"shipping-taxable","12":"purchasable","13":"product-type-simple"},"aioseo_notices":[],"_links":{"self":[{"href":"https:\/\/engelaere-editions.com\/blog\/wp-json\/wp\/v2\/product\/2018","targetHints":{"allow":["GET"]}}],"collection":[{"href":"https:\/\/engelaere-editions.com\/blog\/wp-json\/wp\/v2\/product"}],"about":[{"href":"https:\/\/engelaere-editions.com\/blog\/wp-json\/wp\/v2\/types\/product"}],"wp:featuredmedia":[{"embeddable":true,"href":"https:\/\/engelaere-editions.com\/blog\/wp-json\/wp\/v2\/media\/1205"}],"wp:attachment":[{"href":"https:\/\/engelaere-editions.com\/blog\/wp-json\/wp\/v2\/media?parent=2018"}],"wp:term":[{"taxonomy":"product_brand","embeddable":true,"href":"https:\/\/engelaere-editions.com\/blog\/wp-json\/wp\/v2\/product_brand?post=2018"},{"taxonomy":"product_cat","embeddable":true,"href":"https:\/\/engelaere-editions.com\/blog\/wp-json\/wp\/v2\/product_cat?post=2018"},{"taxonomy":"product_tag","embeddable":true,"href":"https:\/\/engelaere-editions.com\/blog\/wp-json\/wp\/v2\/product_tag?post=2018"}],"curies":[{"name":"wp","href":"https:\/\/api.w.org\/{rel}","templated":true}]}}