{"id":2008,"date":"2015-12-21T13:13:26","date_gmt":"2015-12-21T12:13:26","guid":{"rendered":"http:\/\/engelaere-editions.com\/blog\/?post_type=product&#038;p=2008"},"modified":"2023-12-16T17:02:59","modified_gmt":"2023-12-16T16:02:59","slug":"une-vie-de-peche-en-baie-de-somme-pierre-devismes-raconte-jeanine-bourgau","status":"publish","type":"product","link":"https:\/\/engelaere-editions.com\/blog\/produit\/une-vie-de-peche-en-baie-de-somme-pierre-devismes-raconte-jeanine-bourgau\/","title":{"rendered":"\u00ab\u00a0Une vie de p\u00eache en baie de Somme\u00a0\u00bb Pierre Devismes raconte&#8230; Jeanine Bourgau"},"content":{"rendered":"<p><span style=\"color: #999999;\"><strong>Nouvelle \u00e9dition revue et augment\u00e9e de 16 pages.<\/strong><\/span><\/p>\n<p>Cet ouvrage richement illustr\u00e9 de photographies d\u2019archives souvent in\u00e9dites, propose une approche vivante destin\u00e9e \u00e0 tous les amoureux de la Baie de Somme et de la mer. Il donne des informations indispensables \u00e0 la compr\u00e9hension de l\u2019\u00e9volution de ce milieu si fragile et qui s\u2019efface chaque jour un peu plus. Par la sauvegarde de cette m\u00e9moire et par l\u2019\u00e9vocation de ces activit\u00e9s de p\u00eache, la plupart disparues, ce livre veut \u00e0 la fois rendre hommage aux travailleurs du si\u00e8cle dernier, \u00e0 leur culture et \u00eatre un outil de d\u00e9couverte de la Baie de Somme sous l\u2019angle de son histoire maritime.<\/p>\n<p><em>Pierre Devismes, amoureux de sa baie et fier de son m\u00e9tier d\u00e9crit les diff\u00e9rentes activit\u00e9s de p\u00eache en Baie de Somme pratiqu\u00e9es depuis son enfance\u00a0: la p\u00eache en mer \u00e0 la voile, la p\u00eache aux harengs, la r\u00e9colte des coques, celle des vers, la p\u00eache \u00e0 pied aux Cabanes, au cap Hornu, la vente des produits de la p\u00eache, la dure vie des travailleurs de la baie et leur joie lors des f\u00eates, des processions ou des r\u00e9gates.<\/em><\/p>\n<p><em>Jeanine Bourgau, elle-m\u00eame fille de marin crotellois et fondatrice d\u2019une association pour la sauvegarde de la m\u00e9moire du Crotoy, a recueilli ces r\u00e9cits en picard. Elle les a traduits en fran\u00e7ais et a r\u00e9dig\u00e9 pour chacun d\u2019entre eux une introduction explicative qui permet de situer les sujets.<\/em><\/p>\n<p>&nbsp;<\/p>\n","protected":false},"excerpt":{"rendered":"<p>208 pages au format 24 x 21 cm \u2013 ISBN 978-2-917621-04-2 \u00b7 25 \u20ac<\/p>\n","protected":false},"featured_media":59,"template":"","meta":[],"product_brand":[],"product_cat":[95],"product_tag":[],"class_list":{"0":"post-2008","1":"product","2":"type-product","3":"status-publish","4":"has-post-thumbnail","6":"product_cat-beaux-livres","7":"product_shipping_class-petit","9":"first","10":"instock","11":"shipping-taxable","12":"purchasable","13":"product-type-simple"},"aioseo_notices":[],"_links":{"self":[{"href":"https:\/\/engelaere-editions.com\/blog\/wp-json\/wp\/v2\/product\/2008","targetHints":{"allow":["GET"]}}],"collection":[{"href":"https:\/\/engelaere-editions.com\/blog\/wp-json\/wp\/v2\/product"}],"about":[{"href":"https:\/\/engelaere-editions.com\/blog\/wp-json\/wp\/v2\/types\/product"}],"wp:featuredmedia":[{"embeddable":true,"href":"https:\/\/engelaere-editions.com\/blog\/wp-json\/wp\/v2\/media\/59"}],"wp:attachment":[{"href":"https:\/\/engelaere-editions.com\/blog\/wp-json\/wp\/v2\/media?parent=2008"}],"wp:term":[{"taxonomy":"product_brand","embeddable":true,"href":"https:\/\/engelaere-editions.com\/blog\/wp-json\/wp\/v2\/product_brand?post=2008"},{"taxonomy":"product_cat","embeddable":true,"href":"https:\/\/engelaere-editions.com\/blog\/wp-json\/wp\/v2\/product_cat?post=2008"},{"taxonomy":"product_tag","embeddable":true,"href":"https:\/\/engelaere-editions.com\/blog\/wp-json\/wp\/v2\/product_tag?post=2008"}],"curies":[{"name":"wp","href":"https:\/\/api.w.org\/{rel}","templated":true}]}}