{"id":2006,"date":"2015-12-21T19:08:44","date_gmt":"2015-12-21T18:08:44","guid":{"rendered":"http:\/\/engelaere-editions.com\/blog\/?post_type=product&#038;p=2006"},"modified":"2023-12-16T17:01:51","modified_gmt":"2023-12-16T16:01:51","slug":"2006","status":"publish","type":"product","link":"https:\/\/engelaere-editions.com\/blog\/produit\/2006\/","title":{"rendered":"\u00ab\u00a0Deux \u00c2mes bleues\u00a0\u00bb \u00b7 Judith Debruyn &#038; Pierre Delannoy"},"content":{"rendered":"<blockquote><p><span style=\"color: #3366ff;\">\u00ab\u00a0Deux \u00e2mes bleues\u00a0\u00bb<\/span> est un livre d\u2019artiste r\u00e9unissant des dessins \u00e0 l\u2019encre de Judith Debruyn, plasticienne et cr\u00e9atrice de vitrail, sur des textes de Pierre Delannoy, po\u00e8te et musicien. L\u2019encre des mots et des phrases sinueuses se fond dans celui des courbes du pinceau. L\u2019image flamande porte le verbe art\u00e9sien.<br \/>\nCe beau livre de 64 pages a \u00e9t\u00e9 con\u00e7u comme une \u0153uvre d\u2019art. Un ouvrage \u00e0 exposer, ouvert sur un chevalet, dont on tournerait avec plaisir chaque jour une nouvelle page.<\/p><\/blockquote>\n<p>64 pages couleurs au format 21 x 29,7 cm \u00b7 sur papier Arctic White 170 gr \u00b7<br \/>\nCouverture cartonn\u00e9e cousue avec marquage \u00e0 chaud \u00b7<br \/>\n150 exemplaires num\u00e9rot\u00e9s \u00b7 ISBN 978-2-917621-32-5 \u00b7 40 \u20ac<\/p>\n","protected":false},"excerpt":{"rendered":"<p>&nbsp;<\/p>\n<p>&nbsp;<\/p>\n<p>livre d\u2019artiste \u00ab\u00a0Deux \u00e2mes bleues\u00a0\u00bb Judith Debruyn &amp; Pierre Delannoy<\/p>\n<p>150 exemplaires num\u00e9rot\u00e9s \u00b7 ISBN 978-2-917621-32-5 \u00b7 40 \u20ac<\/p>\n","protected":false},"featured_media":1888,"template":"","meta":[],"product_brand":[],"product_cat":[101],"product_tag":[],"class_list":{"0":"post-2006","1":"product","2":"type-product","3":"status-publish","4":"has-post-thumbnail","6":"product_cat-livres-dartistes","7":"product_shipping_class-petit","9":"first","10":"instock","11":"shipping-taxable","12":"purchasable","13":"product-type-simple"},"aioseo_notices":[],"_links":{"self":[{"href":"https:\/\/engelaere-editions.com\/blog\/wp-json\/wp\/v2\/product\/2006","targetHints":{"allow":["GET"]}}],"collection":[{"href":"https:\/\/engelaere-editions.com\/blog\/wp-json\/wp\/v2\/product"}],"about":[{"href":"https:\/\/engelaere-editions.com\/blog\/wp-json\/wp\/v2\/types\/product"}],"wp:featuredmedia":[{"embeddable":true,"href":"https:\/\/engelaere-editions.com\/blog\/wp-json\/wp\/v2\/media\/1888"}],"wp:attachment":[{"href":"https:\/\/engelaere-editions.com\/blog\/wp-json\/wp\/v2\/media?parent=2006"}],"wp:term":[{"taxonomy":"product_brand","embeddable":true,"href":"https:\/\/engelaere-editions.com\/blog\/wp-json\/wp\/v2\/product_brand?post=2006"},{"taxonomy":"product_cat","embeddable":true,"href":"https:\/\/engelaere-editions.com\/blog\/wp-json\/wp\/v2\/product_cat?post=2006"},{"taxonomy":"product_tag","embeddable":true,"href":"https:\/\/engelaere-editions.com\/blog\/wp-json\/wp\/v2\/product_tag?post=2006"}],"curies":[{"name":"wp","href":"https:\/\/api.w.org\/{rel}","templated":true}]}}