{"id":2208,"date":"2016-02-02T11:16:26","date_gmt":"2016-02-02T10:16:26","guid":{"rendered":"http:\/\/engelaere-editions.com\/blog\/?page_id=2208"},"modified":"2016-02-02T11:27:47","modified_gmt":"2016-02-02T10:27:47","slug":"zeph-le-chene-ecole-saint-joseph-desquelbecq","status":"publish","type":"page","link":"https:\/\/engelaere-editions.com\/blog\/boutique\/zeph-le-chene-ecole-saint-joseph-desquelbecq\/","title":{"rendered":"Zeph le ch\u00eane : \u00e9cole Saint Joseph d&rsquo;Esquelbecq"},"content":{"rendered":"<p><a href=\"http:\/\/engelaere-editions.com\/blog\/?product=la-foret-se-revolte-%c2%b7-t-busch-eegenweert-nhem-ecole-st-joseph-desquelbecq\" rel=\"attachment wp-att-1600\"><img loading=\"lazy\" decoding=\"async\" class=\"wp-image-1600 alignleft\" src=\"http:\/\/engelaere-editions.com\/blog\/wp-content\/uploads\/2014\/07\/couv-CM-978-2-917621-29-5-702x1024.jpg\" alt=\"La For\u00eat se r\u00e9volte\" width=\"255\" height=\"372\" srcset=\"https:\/\/engelaere-editions.com\/blog\/wp-content\/uploads\/2014\/07\/couv-CM-978-2-917621-29-5-702x1024.jpg 702w, https:\/\/engelaere-editions.com\/blog\/wp-content\/uploads\/2014\/07\/couv-CM-978-2-917621-29-5-200x291.jpg 200w, https:\/\/engelaere-editions.com\/blog\/wp-content\/uploads\/2014\/07\/couv-CM-978-2-917621-29-5-300x437.jpg 300w, https:\/\/engelaere-editions.com\/blog\/wp-content\/uploads\/2014\/07\/couv-CM-978-2-917621-29-5-274x400.jpg 274w, https:\/\/engelaere-editions.com\/blog\/wp-content\/uploads\/2014\/07\/couv-CM-978-2-917621-29-5-101x148.jpg 101w, https:\/\/engelaere-editions.com\/blog\/wp-content\/uploads\/2014\/07\/couv-CM-978-2-917621-29-5-21x31.jpg 21w, https:\/\/engelaere-editions.com\/blog\/wp-content\/uploads\/2014\/07\/couv-CM-978-2-917621-29-5-26x38.jpg 26w, https:\/\/engelaere-editions.com\/blog\/wp-content\/uploads\/2014\/07\/couv-CM-978-2-917621-29-5-147x215.jpg 147w, https:\/\/engelaere-editions.com\/blog\/wp-content\/uploads\/2014\/07\/couv-CM-978-2-917621-29-5-900x1311.jpg 900w, https:\/\/engelaere-editions.com\/blog\/wp-content\/uploads\/2014\/07\/couv-CM-978-2-917621-29-5.jpg 1209w\" sizes=\"auto, (max-width: 255px) 100vw, 255px\" \/><\/a> <a href=\"http:\/\/engelaere-editions.com\/blog\/?product=zeph-et-le-gland-dore-zef-en-den-gouden-eekel-ecole-st-joseph-desquelbecq\" rel=\"attachment wp-att-1596\"><img loading=\"lazy\" decoding=\"async\" class=\"wp-image-1596 alignleft\" src=\"http:\/\/engelaere-editions.com\/blog\/wp-content\/uploads\/2014\/07\/couv-CE-978-2-917621-27-1-1024x721.jpg\" alt=\"Zeph et le gland dor\u00e9\" width=\"387\" height=\"272\" srcset=\"https:\/\/engelaere-editions.com\/blog\/wp-content\/uploads\/2014\/07\/couv-CE-978-2-917621-27-1-1024x721.jpg 1024w, https:\/\/engelaere-editions.com\/blog\/wp-content\/uploads\/2014\/07\/couv-CE-978-2-917621-27-1-200x141.jpg 200w, https:\/\/engelaere-editions.com\/blog\/wp-content\/uploads\/2014\/07\/couv-CE-978-2-917621-27-1-300x211.jpg 300w, https:\/\/engelaere-editions.com\/blog\/wp-content\/uploads\/2014\/07\/couv-CE-978-2-917621-27-1-400x281.jpg 400w, https:\/\/engelaere-editions.com\/blog\/wp-content\/uploads\/2014\/07\/couv-CE-978-2-917621-27-1-148x104.jpg 148w, https:\/\/engelaere-editions.com\/blog\/wp-content\/uploads\/2014\/07\/couv-CE-978-2-917621-27-1-31x21.jpg 31w, https:\/\/engelaere-editions.com\/blog\/wp-content\/uploads\/2014\/07\/couv-CE-978-2-917621-27-1-38x26.jpg 38w, https:\/\/engelaere-editions.com\/blog\/wp-content\/uploads\/2014\/07\/couv-CE-978-2-917621-27-1-305x215.jpg 305w, https:\/\/engelaere-editions.com\/blog\/wp-content\/uploads\/2014\/07\/couv-CE-978-2-917621-27-1-900x634.jpg 900w\" sizes=\"auto, (max-width: 387px) 100vw, 387px\" \/><\/a> <a href=\"http:\/\/engelaere-editions.com\/blog\/?product=zeph-et-ses-amis-%c2%b7-zef-en-ze-maets-ecole-st-joseph-desquelbecq\" rel=\"attachment wp-att-1658\"><img loading=\"lazy\" decoding=\"async\" class=\"wp-image-1658 aligncenter\" src=\"http:\/\/engelaere-editions.com\/blog\/wp-content\/uploads\/2014\/11\/1ere-de-couv-Zeph-et-ses-amis-1024x723.jpg\" alt=\"Zeph et ses amis\" width=\"354\" height=\"250\" srcset=\"https:\/\/engelaere-editions.com\/blog\/wp-content\/uploads\/2014\/11\/1ere-de-couv-Zeph-et-ses-amis-1024x723.jpg 1024w, https:\/\/engelaere-editions.com\/blog\/wp-content\/uploads\/2014\/11\/1ere-de-couv-Zeph-et-ses-amis-200x141.jpg 200w, https:\/\/engelaere-editions.com\/blog\/wp-content\/uploads\/2014\/11\/1ere-de-couv-Zeph-et-ses-amis-300x212.jpg 300w, https:\/\/engelaere-editions.com\/blog\/wp-content\/uploads\/2014\/11\/1ere-de-couv-Zeph-et-ses-amis-400x282.jpg 400w, https:\/\/engelaere-editions.com\/blog\/wp-content\/uploads\/2014\/11\/1ere-de-couv-Zeph-et-ses-amis-148x104.jpg 148w, https:\/\/engelaere-editions.com\/blog\/wp-content\/uploads\/2014\/11\/1ere-de-couv-Zeph-et-ses-amis-31x21.jpg 31w, https:\/\/engelaere-editions.com\/blog\/wp-content\/uploads\/2014\/11\/1ere-de-couv-Zeph-et-ses-amis-38x26.jpg 38w, https:\/\/engelaere-editions.com\/blog\/wp-content\/uploads\/2014\/11\/1ere-de-couv-Zeph-et-ses-amis-304x215.jpg 304w, https:\/\/engelaere-editions.com\/blog\/wp-content\/uploads\/2014\/11\/1ere-de-couv-Zeph-et-ses-amis-900x636.jpg 900w, https:\/\/engelaere-editions.com\/blog\/wp-content\/uploads\/2014\/11\/1ere-de-couv-Zeph-et-ses-amis.jpg 1671w\" sizes=\"auto, (max-width: 354px) 100vw, 354px\" \/><\/a><\/p>\n<p>Les enfants de l\u2019<strong>\u00e9cole Saint Joseph d\u2019Esquelbecq<\/strong> ont cr\u00e9\u00e9 un g\u00e9ant \u00ab Zeph, le ch\u00eane \u00bb. Ce g\u00e9ant est un ch\u00eane car Esquelbecq signifie en flamand \u00ab\u00a0la rivi\u00e8re aux glands\u00a0\u00bb. De plus, l\u2019\u00e9cole est entour\u00e9e de ch\u00eanes. Lors des d\u00e9fil\u00e9s, Zeph est accompagn\u00e9 par les enfants qui portent des masques d\u2019animaux de la for\u00eat.<br \/>\nComme Esquelbecq est aussi un \u00ab Village du livre \u00bb, Zeph porte des livres imagin\u00e9s et illustr\u00e9s par les enfants.<\/p>\n","protected":false},"excerpt":{"rendered":"<p>Les enfants de l\u2019\u00e9cole Saint Joseph d\u2019Esquelbecq ont cr\u00e9\u00e9 un g\u00e9ant \u00ab Zeph, le ch\u00eane \u00bb. Ce g\u00e9ant est un ch\u00eane car Esquelbecq signifie en flamand \u00ab\u00a0la rivi\u00e8re aux glands\u00a0\u00bb. De plus, l\u2019\u00e9cole est entour\u00e9e de ch\u00eanes. Lors des d\u00e9fil\u00e9s, Zeph est accompagn\u00e9 par les enfants qui portent des masques d\u2019animaux de la for\u00eat. Comme [&hellip;]<\/p>\n","protected":false},"author":75316,"featured_media":0,"parent":625,"menu_order":2,"comment_status":"closed","ping_status":"closed","template":"","meta":{"_mc_calendar":[],"footnotes":""},"class_list":["post-2208","page","type-page","status-publish","hentry"],"aioseo_notices":[],"_links":{"self":[{"href":"https:\/\/engelaere-editions.com\/blog\/wp-json\/wp\/v2\/pages\/2208","targetHints":{"allow":["GET"]}}],"collection":[{"href":"https:\/\/engelaere-editions.com\/blog\/wp-json\/wp\/v2\/pages"}],"about":[{"href":"https:\/\/engelaere-editions.com\/blog\/wp-json\/wp\/v2\/types\/page"}],"author":[{"embeddable":true,"href":"https:\/\/engelaere-editions.com\/blog\/wp-json\/wp\/v2\/users\/75316"}],"replies":[{"embeddable":true,"href":"https:\/\/engelaere-editions.com\/blog\/wp-json\/wp\/v2\/comments?post=2208"}],"version-history":[{"count":0,"href":"https:\/\/engelaere-editions.com\/blog\/wp-json\/wp\/v2\/pages\/2208\/revisions"}],"up":[{"embeddable":true,"href":"https:\/\/engelaere-editions.com\/blog\/wp-json\/wp\/v2\/pages\/625"}],"wp:attachment":[{"href":"https:\/\/engelaere-editions.com\/blog\/wp-json\/wp\/v2\/media?parent=2208"}],"curies":[{"name":"wp","href":"https:\/\/api.w.org\/{rel}","templated":true}]}}

Zeph le chêne : école Saint Joseph d&rsquo;Esquelbecq

<p><a href="http://engelaere-editions.com/blog/?product=la-foret-se-revolte-%c2%b7-t-busch-eegenweert-nhem-ecole-st-joseph-desquelbecq" rel="attachment wp-att-1600"><img loading="lazy" decoding="async" class="wp-image-1600 alignleft" src="http://engelaere-editions.com/blog/wp-content/uploads/2014/07/couv-CM-978-2-917621-29-5-702x1024.jpg" alt="La Forêt se révolte" width="255" height="372" srcset="https://engelaere-editions.com/blog/wp-content/uploads/2014/07/couv-CM-978-2-917621-29-5-702x1024.jpg 702w, https://engelaere-editions.com/blog/wp-content/uploads/2014/07/couv-CM-978-2-917621-29-5-200x291.jpg 200w, https://engelaere-editions.com/blog/wp-content/uploads/2014/07/couv-CM-978-2-917621-29-5-300x437.jpg 300w, https://engelaere-editions.com/blog/wp-content/uploads/2014/07/couv-CM-978-2-917621-29-5-274x400.jpg 274w, https://engelaere-editions.com/blog/wp-content/uploads/2014/07/couv-CM-978-2-917621-29-5-101x148.jpg 101w, https://engelaere-editions.com/blog/wp-content/uploads/2014/07/couv-CM-978-2-917621-29-5-21x31.jpg 21w, https://engelaere-editions.com/blog/wp-content/uploads/2014/07/couv-CM-978-2-917621-29-5-26x38.jpg 26w, https://engelaere-editions.com/blog/wp-content/uploads/2014/07/couv-CM-978-2-917621-29-5-147x215.jpg 147w, https://engelaere-editions.com/blog/wp-content/uploads/2014/07/couv-CM-978-2-917621-29-5-900x1311.jpg 900w, https://engelaere-editions.com/blog/wp-content/uploads/2014/07/couv-CM-978-2-917621-29-5.jpg 1209w" sizes="auto, (max-width: 255px) 100vw, 255px" /></a> <a href="http://engelaere-editions.com/blog/?product=zeph-et-le-gland-dore-zef-en-den-gouden-eekel-ecole-st-joseph-desquelbecq" rel="attachment wp-att-1596"><img loading="lazy" decoding="async" class="wp-image-1596 alignleft" src="http://engelaere-editions.com/blog/wp-content/uploads/2014/07/couv-CE-978-2-917621-27-1-1024x721.jpg" alt="Zeph et le gland doré" width="387" height="272" srcset="https://engelaere-editions.com/blog/wp-content/uploads/2014/07/couv-CE-978-2-917621-27-1-1024x721.jpg 1024w, https://engelaere-editions.com/blog/wp-content/uploads/2014/07/couv-CE-978-2-917621-27-1-200x141.jpg 200w, https://engelaere-editions.com/blog/wp-content/uploads/2014/07/couv-CE-978-2-917621-27-1-300x211.jpg 300w, https://engelaere-editions.com/blog/wp-content/uploads/2014/07/couv-CE-978-2-917621-27-1-400x281.jpg 400w, https://engelaere-editions.com/blog/wp-content/uploads/2014/07/couv-CE-978-2-917621-27-1-148x104.jpg 148w, https://engelaere-editions.com/blog/wp-content/uploads/2014/07/couv-CE-978-2-917621-27-1-31x21.jpg 31w, https://engelaere-editions.com/blog/wp-content/uploads/2014/07/couv-CE-978-2-917621-27-1-38x26.jpg 38w, https://engelaere-editions.com/blog/wp-content/uploads/2014/07/couv-CE-978-2-917621-27-1-305x215.jpg 305w, https://engelaere-editions.com/blog/wp-content/uploads/2014/07/couv-CE-978-2-917621-27-1-900x634.jpg 900w" sizes="auto, (max-width: 387px) 100vw, 387px" /></a> <a href="http://engelaere-editions.com/blog/?product=zeph-et-ses-amis-%c2%b7-zef-en-ze-maets-ecole-st-joseph-desquelbecq" rel="attachment wp-att-1658"><img loading="lazy" decoding="async" class="wp-image-1658 aligncenter" src="http://engelaere-editions.com/blog/wp-content/uploads/2014/11/1ere-de-couv-Zeph-et-ses-amis-1024x723.jpg" alt="Zeph et ses amis" width="354" height="250" srcset="https://engelaere-editions.com/blog/wp-content/uploads/2014/11/1ere-de-couv-Zeph-et-ses-amis-1024x723.jpg 1024w, https://engelaere-editions.com/blog/wp-content/uploads/2014/11/1ere-de-couv-Zeph-et-ses-amis-200x141.jpg 200w, https://engelaere-editions.com/blog/wp-content/uploads/2014/11/1ere-de-couv-Zeph-et-ses-amis-300x212.jpg 300w, https://engelaere-editions.com/blog/wp-content/uploads/2014/11/1ere-de-couv-Zeph-et-ses-amis-400x282.jpg 400w, https://engelaere-editions.com/blog/wp-content/uploads/2014/11/1ere-de-couv-Zeph-et-ses-amis-148x104.jpg 148w, https://engelaere-editions.com/blog/wp-content/uploads/2014/11/1ere-de-couv-Zeph-et-ses-amis-31x21.jpg 31w, https://engelaere-editions.com/blog/wp-content/uploads/2014/11/1ere-de-couv-Zeph-et-ses-amis-38x26.jpg 38w, https://engelaere-editions.com/blog/wp-content/uploads/2014/11/1ere-de-couv-Zeph-et-ses-amis-304x215.jpg 304w, https://engelaere-editions.com/blog/wp-content/uploads/2014/11/1ere-de-couv-Zeph-et-ses-amis-900x636.jpg 900w, https://engelaere-editions.com/blog/wp-content/uploads/2014/11/1ere-de-couv-Zeph-et-ses-amis.jpg 1671w" sizes="auto, (max-width: 354px) 100vw, 354px" /></a></p>
<p>Les enfants de l’<strong>école Saint Joseph d’Esquelbecq</strong> ont créé un géant « Zeph, le chêne ». Ce géant est un chêne car Esquelbecq signifie en flamand « la rivière aux glands ». De plus, l’école est entourée de chênes. Lors des défilés, Zeph est accompagné par les enfants qui portent des masques d’animaux de la forêt.<br />
Comme Esquelbecq est aussi un « Village du livre », Zeph porte des livres imaginés et illustrés par les enfants.</p>

<p>Les enfants de l’école Saint Joseph d’Esquelbecq ont créé un géant « Zeph, le chêne ». Ce géant est un chêne car Esquelbecq signifie en flamand « la rivière aux glands ». De plus, l’école est entourée de chênes. Lors des défilés, Zeph est accompagné par les enfants qui portent des masques d’animaux de la forêt. Comme [&hellip;]</p>
