{"id":2195,"date":"2016-02-01T18:06:13","date_gmt":"2016-02-01T17:06:13","guid":{"rendered":"http:\/\/engelaere-editions.com\/blog\/?page_id=2195"},"modified":"2018-08-13T10:32:39","modified_gmt":"2018-08-13T08:32:39","slug":"collection-666","status":"publish","type":"page","link":"https:\/\/engelaere-editions.com\/blog\/boutique\/collection-666\/","title":{"rendered":"Collection 666"},"content":{"rendered":"<p style=\"text-align: justify;\"><span style=\"color: #993300;\"><strong>666<\/strong><\/span> nombre de la Fin des temps\u2026 Le soleil s\u2019obscurcira, nous dit-on, une pluie de soufre et de sang s\u2019abattra sur les villes et les campagnes ! D\u2019ici l\u00e0, les lecteurs de 666 auront le temps de se pr\u00e9parer \u00e0 leur survie.<\/p>\n<p style=\"text-align: justify;\">Collection \u00f4 combien salutaire, 666 donne la parole \u00e0 un illustre et tr\u00e8s discret contemporain de Rubens, l\u2019Anonyme d\u2019Anvers, immortel li\u00e9 \u00e0 la Rose-Croix. H\u00e9ritier de l\u2019alchimiste Nicolas Flamel, on le croise souvent sans le savoir et son r\u00f4le n\u2019est pas n\u00e9gligeable dans un monde rong\u00e9 par le mal li\u00e9 \u00e0 l\u2019argent. C\u2019est peut-\u00eatre gr\u00e2ce \u00e0 lui que tout n\u2019a pas encore pris fin.<\/p>\n<p style=\"text-align: left;\"><a href=\"http:\/\/engelaere-editions.com\/blog\/?product=entretiens-avec-un-tres-vieux-vampire-roger-faco\" rel=\"attachment wp-att-1226\"><img loading=\"lazy\" decoding=\"async\" class=\" wp-image-1226 alignleft\" src=\"http:\/\/engelaere-editions.com\/blog\/wp-content\/uploads\/2013\/03\/9782917621172-662x1024.jpg\" alt=\"9782917621172\" width=\"204\" height=\"315\" srcset=\"https:\/\/engelaere-editions.com\/blog\/wp-content\/uploads\/2013\/03\/9782917621172-662x1024.jpg 662w, https:\/\/engelaere-editions.com\/blog\/wp-content\/uploads\/2013\/03\/9782917621172-200x309.jpg 200w, https:\/\/engelaere-editions.com\/blog\/wp-content\/uploads\/2013\/03\/9782917621172-300x464.jpg 300w, https:\/\/engelaere-editions.com\/blog\/wp-content\/uploads\/2013\/03\/9782917621172-258x400.jpg 258w, https:\/\/engelaere-editions.com\/blog\/wp-content\/uploads\/2013\/03\/9782917621172-600x927.jpg 600w, https:\/\/engelaere-editions.com\/blog\/wp-content\/uploads\/2013\/03\/9782917621172-95x148.jpg 95w, https:\/\/engelaere-editions.com\/blog\/wp-content\/uploads\/2013\/03\/9782917621172-20x31.jpg 20w, https:\/\/engelaere-editions.com\/blog\/wp-content\/uploads\/2013\/03\/9782917621172-24x38.jpg 24w, https:\/\/engelaere-editions.com\/blog\/wp-content\/uploads\/2013\/03\/9782917621172-139x215.jpg 139w, https:\/\/engelaere-editions.com\/blog\/wp-content\/uploads\/2013\/03\/9782917621172.jpg 1299w\" sizes=\"auto, (max-width: 204px) 100vw, 204px\" \/><\/a> <a href=\"http:\/\/engelaere-editions.com\/blog\/?product=666-quai-de-la-scarpe-michel-meurdesoif\" rel=\"attachment wp-att-1229\"><img loading=\"lazy\" decoding=\"async\" class=\" wp-image-1229 alignleft\" src=\"http:\/\/engelaere-editions.com\/blog\/wp-content\/uploads\/2013\/03\/9782917621189-662x1024.jpg\" alt=\"9782917621189\" width=\"205\" height=\"317\" srcset=\"https:\/\/engelaere-editions.com\/blog\/wp-content\/uploads\/2013\/03\/9782917621189-662x1024.jpg 662w, https:\/\/engelaere-editions.com\/blog\/wp-content\/uploads\/2013\/03\/9782917621189-200x309.jpg 200w, https:\/\/engelaere-editions.com\/blog\/wp-content\/uploads\/2013\/03\/9782917621189-300x463.jpg 300w, https:\/\/engelaere-editions.com\/blog\/wp-content\/uploads\/2013\/03\/9782917621189-258x400.jpg 258w, https:\/\/engelaere-editions.com\/blog\/wp-content\/uploads\/2013\/03\/9782917621189-600x926.jpg 600w, https:\/\/engelaere-editions.com\/blog\/wp-content\/uploads\/2013\/03\/9782917621189-95x148.jpg 95w, https:\/\/engelaere-editions.com\/blog\/wp-content\/uploads\/2013\/03\/9782917621189-20x31.jpg 20w, https:\/\/engelaere-editions.com\/blog\/wp-content\/uploads\/2013\/03\/9782917621189-24x38.jpg 24w, https:\/\/engelaere-editions.com\/blog\/wp-content\/uploads\/2013\/03\/9782917621189-139x215.jpg 139w, https:\/\/engelaere-editions.com\/blog\/wp-content\/uploads\/2013\/03\/9782917621189.jpg 1300w\" sizes=\"auto, (max-width: 205px) 100vw, 205px\" \/><\/a><\/p>\n<p>&nbsp;<\/p>\n<p>&nbsp;<\/p>\n","protected":false},"excerpt":{"rendered":"<p>666 nombre de la Fin des temps\u2026 Le soleil s\u2019obscurcira, nous dit-on, une pluie de soufre et de sang s\u2019abattra sur les villes et les campagnes ! D\u2019ici l\u00e0, les lecteurs de 666 auront le temps de se pr\u00e9parer \u00e0 leur survie. Collection \u00f4 combien salutaire, 666 donne la parole \u00e0 un illustre et tr\u00e8s [&hellip;]<\/p>\n","protected":false},"author":75316,"featured_media":0,"parent":625,"menu_order":1,"comment_status":"closed","ping_status":"closed","template":"","meta":{"_mc_calendar":[],"footnotes":""},"class_list":["post-2195","page","type-page","status-publish","hentry"],"aioseo_notices":[],"_links":{"self":[{"href":"https:\/\/engelaere-editions.com\/blog\/wp-json\/wp\/v2\/pages\/2195","targetHints":{"allow":["GET"]}}],"collection":[{"href":"https:\/\/engelaere-editions.com\/blog\/wp-json\/wp\/v2\/pages"}],"about":[{"href":"https:\/\/engelaere-editions.com\/blog\/wp-json\/wp\/v2\/types\/page"}],"author":[{"embeddable":true,"href":"https:\/\/engelaere-editions.com\/blog\/wp-json\/wp\/v2\/users\/75316"}],"replies":[{"embeddable":true,"href":"https:\/\/engelaere-editions.com\/blog\/wp-json\/wp\/v2\/comments?post=2195"}],"version-history":[{"count":0,"href":"https:\/\/engelaere-editions.com\/blog\/wp-json\/wp\/v2\/pages\/2195\/revisions"}],"up":[{"embeddable":true,"href":"https:\/\/engelaere-editions.com\/blog\/wp-json\/wp\/v2\/pages\/625"}],"wp:attachment":[{"href":"https:\/\/engelaere-editions.com\/blog\/wp-json\/wp\/v2\/media?parent=2195"}],"curies":[{"name":"wp","href":"https:\/\/api.w.org\/{rel}","templated":true}]}}